 + 13. What is the remainder when n is divided by w?
7
Suppose -2*z + 10 + 20 = 0. Let f = -3 + z. Calculate the remainder when f is divided by 7.
5
What is the remainder when 50 is divided by 5*(-1 - -4) + -2?
11
Suppose -15 = -6*c + c. What is the remainder when 12 is divided by c?
0
Calculate the remainder when 1 is divided by ((-1)/7)/((-4)/28).
0
Let a(s) = 9*s**2 + 2*s - 1. Let o = 9 + -5. Calculate the remainder when a(-1) is divided by o.
2
Let t = 10 + -5. Suppose p = -p + 8. Suppose -4*b + 4*c = -56, -5*b = -p*b + c - 14. Calculate the remainder when b is divided by t.
4
Let k(n) = 4*n**2 - 2 - 3*n**2 + 7 + 12*n + 10. What is the remainder when 4 is divided by k(-11)?
0
What is the remainder when ((-24)/(-10))/((-28)/(-910)) is divided by 27?
24
Suppose 3*y = 5*y + 4. What is the remainder when y/7 + (-363)/(-21) is divided by 9?
8
Suppose -4*c + 171 = -477. What is the remainder when c is divided by 33?
30
Let o(c) = -c + 22. What is the remainder when 27 is divided by o(7)?
12
Let d(o) = -13*o**2 + 2*o + 1. Let t be d(-1). Let j = t + 21. What is the remainder when 19 is divided by j?
5
Let n(r) = 3*r - 1. Let s be n(1). Suppose -2*l - s*l + 68 = 0. What is the remainder when 65 is divided by l?
14
Let l(a) = a**3 + 7*a**2 + 6*a + 8. What is the remainder when 22 is divided by l(-6)?
6
Suppose -2*b + 4*b - 56 = 0. Suppose -j - 2*j + 4 = -x, -2*j - 16 = 4*x. Calculate the remainder when b is divided by 2 - -6 - (-2 - j).
8
Let z(g) = -2*g + 10. What is the remainder when z(-17) is divided by 23?
21
Let t = -26 + 50. Calculate the remainder when 47 is divided by t.
23
Suppose -4*x + 37 = -5*z - 7, -4*z = 16. What is the remainder when 14 is divided by x*(-3 - (-13)/3)?
6
Suppose 5*s = 3*j + 109, 0 = -2*s - 0*j - 4*j + 28. Suppose 2*x - 58 = -s. What is the remainder when x is divided by (1/(-2))/(3/(-42))?
5
Calculate the remainder when 30 is divided by 57*(-2)/(-6) - 2.
13
Calculate the remainder when 27 is divided by 6/(-15) + (-54)/(-10).
2
Let p(l) = l**2 - 9*l - 6. Suppose -h + 22 = 2*h - x, -3*h + 5*x + 14 = 0. What is the remainder when p(12) is divided by h?
6
Suppose 0 = 4*j - 4*g - 8, 5*j - 2*g - 25 = -3. Suppose 5*p = 3*n + 53, 3*p - 5*n - 35 = -0*n. Calculate the remainder when p is divided by j.
4
Suppose -2*u = -5*s + 3 + 12, -3*s + 3*u + 9 = 0. Suppose -2*n + m = -59, -s*n + n - m = -53. Suppose -a = a - n. What is the remainder when 40 is divided by a?
12
What is the remainder when 23 is divided by (-2)/(-8) - (-385)/28?
9
Let x(c) = c + 4. Calculate the remainder when 6 is divided by x(-2).
0
Let s = 623 - 350. What is the remainder when (-6)/36 + s/18 is divided by 8?
7
Suppose 5*z - 274 = 2*p - 4*p, -p + 4*z = -124. What is the remainder when p is divided by 27?
24
Suppose 4*d - 5*y = -24, -y = d - 0*d - 3. Let m = d + 3. Calculate the remainder when 50 + (m - 0) + -2 is divided by 17.
16
Let s(m) = m**3 - 2*m**2 - 7*m + 5. Let k(g) = g - 2. Let x be k(-8). Let p = 14 + x. Calculate the remainder when 25 is divided by s(p).
7
Let y be ((-2)/4*-2)/(-1). Let g(o) = -o + 7. Let i be g(11). Calculate the remainder when (0 - y)*-7*i is divided by 10.
8
Let p be 23 - (2 - 2 - 0). Suppose 5*c - p - 37 = 0. What is the remainder when 23 is divided by c?
11
Let p = 17 - 3. Let r = 0 + 0. Suppose r = -d + 2*d - 5. What is the remainder when p is divided by d?
4
Let n = 21 - -27. Calculate the remainder when n is divided by 17.
14
Suppose 4*u + 38 = -50. Let k = u - -38. Suppose k + 19 = 5*y. Calculate the remainder when 19 is divided by y.
5
Let h(q) = -q**3 + 5*q**2 - q + 4. Calculate the remainder when h(-4) is divided by 39.
35
Let a(u) = -98*u**2 + 1. Let s be a(1). Let b = s - -156. What is the remainder when b is divided by 15?
14
Suppose 27 + 73 = 2*w. What is the remainder when 197 is divided by w?
47
Suppose -3*y + 5*c + 203 = 0, -4*y + 0*y = -2*c - 266. What is the remainder when y is divided by 17?
15
Suppose 2*x + 15 = 3*x. What is the remainder when 41 is divided by x?
11
Let j = 98 + -1. What is the remainder when j is divided by 9?
7
Suppose 0 = -0*h + 2*h. Suppose 5*u + 120 = 5*v, h = 6*v - v - u - 112. Calculate the remainder when 63 is divided by v.
19
Let g(r) = -r**3 - r**2 - 2*r - 1. Let l be g(-2). Let m be (-6)/(-9) + (-2)/3. Suppose s - 2*s + l = m. Calculate the remainder when 19 is divided by s.
5
Suppose -2*g = -4*g + 10. Suppose l - 1 = g. Calculate the remainder when 1*(0 + (12 - 2)) is divided by l.
4
Let c(y) = -y**3 + 9*y**2 + 2*y - 8. Let b be c(8). Suppose -i - b = -5*i. What is the remainder when i is divided by 7?
4
Calculate the remainder when 25 is divided by -6 + 10 + -1 + 6.
7
Let c = 0 - -25. What is the remainder when c is divided by 13?
12
Let x be (48/20)/((-3)/10). Let u = x - -28. Calculate the remainder when u is divided by 11.
9
Suppose 0 = -q + 2*a + 26, 0 = 4*q - 0*q + 3*a - 71. Calculate the remainder when q is divided by 7.
6
Let i(q) = -3*q**3 - 4*q**2 - 6*q - 7. Calculate the remainder when i(-3) is divided by 15.
11
Let w be (-78)/(-4) - (-3)/(-2). Let b be (2 - 2)/2 + w. Let x = b - -4. What is the remainder when 43 is divided by x?
21
Let h(j) = 21*j**2 - 1. Calculate the remainder when h(1) is divided by 3.
2
Suppose 0*m - 18 = 3*m. Let l(q) = 3 + 4 - 5*q - q. What is the remainder when l(m) is divided by 15?
13
Let u = 28 + 66. Suppose -u = -4*n + 258. Suppose 7 = 5*t - n. Calculate the remainder when t is divided by 10.
9
Suppose -5*w - 2*b + 39 = 13, 15 = 5*b. What is the remainder when 22 is divided by 3/((-30)/w)*-30?
10
Let w(h) be the second derivative of -h**4/12 - 5*h**3/6 - h**2/2 + 3*h. Let q be w(-4). Calculate the remainder when ((-1)/q)/(1/(-18)) is divided by 4.
2
Let t(d) = d**2 + 2*d + 1. Let u be t(2). Let r(a) = -a**2 - 6*a - 3. Let p be r(-2). Let c = u - p. Calculate the remainder when 6 is divided by c.
2
Let c = -26 - -40. What is the remainder when 1268/24 - (-2)/12 is divided by c?
11
Let b(q) = q**3 - 7*q**2 + 6*q. Let l be b(6). Suppose l*d - 30 = -5*d. What is the remainder when 17 is divided by d?
5
Let o(i) be the third derivative of i**4/8 - i**3/6 - 2*i**2. Let l be o(3). Suppose 0 = 3*q - l - 4. What is the remainder when 7 is divided by q?
3
Suppose i = 3*i - 58. Calculate the remainder when 85 is divided by i.
27
Let v(i) be the third derivative of 0 - 1/2*i**3 + 4*i**2 + 3/8*i**4 - 1/60*i**5 + 0*i. What is the remainder when v(6) is divided by 8?
7
Suppose -l = 3 - 30. Calculate the remainder when l is divided by 15.
12
Let k(y) = 4 + 2*y - 4 - 1 - 3. Calculate the remainder when 9 is divided by k(4).
1
Let d be 28/6 - 6/9. Suppose 4*b + 24 = -4*c + 112, -5*c + 86 = -b. Suppose d*i - p + c = 64, -2*p + 7 = i. What is the remainder when 20 is divided by i?
9
What is the remainder when 6 is divided by ((-1)/3*13 - -3)*-3?
2
Let d be (-38)/(-6) + (-2)/(-3). Let x = d + 4. Calculate the remainder when 2/7 + 215/7 is divided by x.
9
Let q = 15 + 22. Calculate the remainder when q is divided by (10/3)/(2/6).
7
Let b(i) = -i**2 - 5*i. Let n(y) = -y**3 - 3*y**2 + y + 2. Let s be n(-2). Calculate the remainder when b(s) is divided by 3.
1
Suppose -5*c = -50 - 30. Calculate the remainder when c is divided by 8.
0
Let b be (2/(-3))/(2/(-6)). Suppose 0 = 3*z + 3, k + b*z - 16 = z. Calculate the remainder when (-96)/(-2) + (-1 - -2) is divided by k.
15
Let v = -21 + 36. Calculate the remainder when 44 is divided by v.
14
Let y = -18 - -32. Suppose -5*g + 2*g = -159. What is the remainder when g is divided by y?
11
Let w(m) = 3*m - 15. Let c = 171 + -90. What is the remainder when c is divided by w(12)?
18
Let i be 1/(-2)*-2 - -3. Suppose -18 = -2*z + 2*x, -4*z - 16 = -3*z + i*x. What is the remainder when z is divided by (-2)/(-6) + (-10)/(-6)?
0
Let h = 2 + -2. Suppose 3*d - 109 = -2*b, -2*d + b + 2*b + 90 = h. What is the remainder when d is divided by 11?
6
Let p = 8 + -2. Let m = 17 - p. What is the remainder when m is divided by 7?
4
Let g = -7 - 1. Let n(z) = -z - 2. Let b be n(g). Let u(s) = s**3 - 7*s**2 + 9*s - 8. Calculate the remainder when u(b) is divided by 6.
4
Suppose -2*j = -o + 20, 3*o = 4*j - j + 57. Suppose -2*a + 11 = u, 6*a - 20 = a + 5*u. Calculate the remainder when o is divided by a.
3
Let t = -20 + 34. Calculate the